ate 2 - 12 - -24 - ((9 - 15) + -2).
22
What is 1 + (-2 + -3 - -6) - (6 - 8)?
4
Evaluate (-1 - -37) + -886 + 823.
-27
Calculate -36 + 9 - -48 - 12.
9
Evaluate (1 - 11) + (-34 - -38).
-6
Calculate -15 + 1 - (-22 - (9 - -8)).
25
What is the value of -25 - (41 - 63) - (1 - -3)?
-7
Calculate -10 + 16 + 13 + (-4 + 3 - 6).
12
Evaluate -6 + (-2 - -7) + -4 - -2.
-3
19 - (23 + -5) - -5
6
Evaluate 32 + -29 + (-4 - (20 - -5 - 3)).
-23
What is the value of -1 + 1 - (143 - 131)?
-12
What is 0 - -23 - (-430 + 448)?
5
Evaluate -12 + (6 + 7 - (-4 + 1)).
4
-23 + (-5 + 48 - 27)
-7
Calculate 365 - 374 - (3 - 4 - -11).
-19
What is 13 - ((24 - 16) + -2)?
7
Evaluate 14 + -33 + (19 - 10).
-10
What is the value of -30 + (79 - 43) + 1 + 5?
12
Evaluate 4 + 5 + (-2 + -7 - -1).
1
Evaluate (7 - 11 - -6) + 1 + 0.
3
What is 0 + 5 + (15 - 2 - 4) + -17?
-3
What is 5 - (16 + -4 + 2 + -3)?
-6
Calculate 5 + 0 - (30 + (5 - (-2 + 18))).
-14
What is the value of (8 + 1 - -1) + (103 + -48 - 68)?
-3
What is (0 - 2) + 2 - (-26 + (32 - 3))?
-3
Evaluate (-6 - (-24 + -9 + 16)) + 0.
11
What is 3 + -8 + -18 + 1 + 14?
-8
Calculate 8 + -14 + -8 + -1 + 1 + -3.
-17
What is 0 + -11 + -4 - (144 + -156)?
-3
What is -5 + -3 + 10 - (2 + 7 + 4)?
-11
Calculate -35 - (25 + (-50 - -11)).
-21
Evaluate (68 - 66) + (5 - 5) + -4.
-2
0 - (-13 + (0 + 10 - -1)) - -14
16
11 - (-7 - -12 - (-1 - -6))
11
Evaluate -1 + (-4 - (-9 + 16 + -9 + 1)).
-4
Evaluate 48 - (-25 - -19) - (22 + -3).
35
Evaluate (-212 - -205) + -11 + 2.
-16
Evaluate -12 - (-6 - 8 - (-22 - -12)).
-8
What is the value of -9 + 2 + 22 - (11 - 2 - 8)?
14
What is (1 - (1 - -40)) + -778 + 793?
-25
What is 54 + -28 + -45 - (1 - 4)?
-16
Calculate -15 + (4 - 1) + (-122 - -130).
-4
What is the value of 11 + (-34 - -8) - -13?
-2
-23 + -33 - -42 - (-11 + -1)
-2
What is the value of 1 + 12 + (5 - (7 - -29))?
-18
Calculate -12 + (4 - 6) - (1 + -6 + 3).
-12
Evaluate 5 + (31 - 32 - (4 + 1)) - -6.
5
Calculate (719 - 722) + (1 - (0 + 0)) + -2.
-4
(-9 - -7 - 2 - -5) + -19 - -2
-16
Evaluate 4 + 0 - (0 + 6).
-2
-1 - -3 - -1 - (-4 + 12 + -18)
13
What is the value of 3 + -26 + 17 + 0?
-6
What is the value of (-1 - (1 + -1)) + -39 + 40 + 0?
0
Evaluate -1 + (2 + -9 - -14) + -8.
-2
What is the value of 12 + -3 - -2 - 16?
-5
(-9 - -8) + 4 + 1 + -7 - -5
2
4 - (11 + (-1 - 11) + -12)
17
6 + (23 - (-9 - -12)) + -11
15
Evaluate 15 - ((16 - (11 - -9)) + -3).
22
Evaluate 11 + (-8 - -5) + -7 + (3 - 3).
1
-23 - 2 - -17 - (2 - 23)
13
What is -2 + (46 + -23 - -2)?
23
What is -6 + 3 + -6 + 3?
-6
What is the value of 16 + -1 - (67 + -30 + -27)?
5
What is the value of -62 - -36 - -21 - (0 - 1 - 26)?
22
What is the value of -6 + ((5 - 7) + (8 - 17) - 13)?
-30
What is the value of (-3 - (6 - 20)) + -9 + -13?
-11
What is the value of 5 + -2 + 3 + (3 - (24 - 17))?
2
Calculate (0 - (27 - 21)) + -11.
-17
Evaluate 4 + -10 - (-18 + 4) - -3.
11
2 - -11 - (-7 + 30 + -9)
-1
Calculate 2 + 2 + (10 - 5) - (8 - 8).
9
23 + (-9 - 12) - (3 + -8)
7
Calculate -2 - ((-9 - -17) + -3) - (-7 - -1).
-1
Calculate 1 - (-31 + -5 + 5).
32
What is the value of 0 + (4 - 4) + 3 - (-26 - -18)?
11
Evaluate 26 - ((38 - 28) + -4).
20
Evaluate -69 + 75 - ((12 - -3) + -1).
-8
8 - (-27 - -90 - 19)
-36
What is the value of 4 - (5 - 12) - 14?
-3
What is 20 + -5 + 4 - 11 - -6?
14
What is the value of (-6 - -15) + -14 + (-1 - -35) + -4?
25
What is -23 - (5 + -3 - (-3 - (3 + -16)))?
-15
What is the value of (-114 - -132) + (0 - -6) + -6?
18
What is the value of (157 - 158) + -12 + (3 - -1)?
-9
Evaluate (4 - 7) + -331 + 321.
-13
Calculate 4 - (30 - (12 + -1 - 3)).
-18
Evaluate -7 - (5 + 0 + 17 - -8).
-37
26 + (-9 - (-18 - -23))
12
Calculate -25 + 7 + -3 + 28.
7
0 - (-1 + -3 + 97 + -100)
7
(0 - 10) + 4 + 4 + -1
-3
What is 7 + (8 - 12) + -3 + -16?
-16
(2 - (-3 - -2 - -4)) + -4
-5
What is -133 - -115 - (1 + -3)?
-16
Evaluate 1 + -1 + -7 - (0 - (0 + -4)).
-11
0 + -15 + 4 + (111 - 120)
-20
What is 0 - 0 - (-20 - (-14 + -3)) - 26?
-23
What is -2 + -2 + -1 + 140 + -137?
-2
Evaluate -1133 + 1153 - (-2 + -2).
24
Evaluate -5 + (-5 - 2 - -5) + (1 - -15).
9
Evaluate 31 + -7 + -64 + 37.
-3
Evaluate -9 + -1 + 20 + 3.
13
What is the value of (-5 - (3 - 0 - (9 - 4))) + -5?
-8
Calculate -15 + 11 - 3 - 3.
-10
Calculate (11 - 3) + (-190 - -180).
-2
Evaluate (253 - 237) + (0 - 12).
4
Calculate -1 - -5 - (6 - (9 + -1)).
6
Evaluate 1 - -11 - (-22 + 23 + -11 + 15).
7
(-34 - (-13 - 35)) + -21
-7
Evaluate -25 + 0 + 4 + 15 + (-15 - -1).
-20
Evaluate (-12 - -24 - 25 - -21) + -10.
-2
What is the value of (18 - 25) + (0 + 0 + -2 - 1)?
-10
What is the value of 10 - (6 - (5 + -20))?
-11
-9 - ((7 - 9) + -6)
-1
What is 1 - (5 + 2 - (11 + -2))?
3
Evaluate -4 + 6 + 31 - 14.
19
-8 + (3 - -8) - (6 + -1 + 8)
-10
-1 + (13 - (0 + 5))
7
What is the value of 12 + 0 + -8 + (5 - 2 - -3)?
10
Evaluate -13 + (4 - -20) + -12 + -3 + -14.
-18
What is (-3 - 3 - 5) + 18?
7
What is the value of 6 + (1 + -39 - (28 + -14 + -12))?
-34
What is 5 - ((-3 - 26) + 30)?
4
Evaluate 7 + 3 + -9 + 1 + 8.
10
What is the value of 8 + -8 - -13 - 17?
-4
What is -11 + 21 + -11 + 20?
19
What is -5 + -2 + 1 - (-60 - -36) - 1?
17
What is the value of 84 - (69 + 28) - (1 - -1)?
-15
Calculate 19 + -8 - -22 - 19.
14
Calculate 1 - (-20 + 24 - (-2 + 1 - 2)).
-6
What is the value of 17 - (1 - -13) - 14?
-11
What is 11 + (-2 + -1 - 29) + 10?
-11
Evaluate -6 + -9 + 1 + (6 - 3).
-11
What is the value of 39 + -23 - (1 - ((-10 - -2) + 3))?
10
What is the value of 538 + -544 + -8 + -1 + 0?
-15
7 - (-23 + -8 + 21)
17
(-1 - -5) + (13 - 4 - 19) + 17
11
126 - 109 - (7 - -8)
2
Calculate -28 + 20 + (11 - -8).
11
Calculate 5 + (25 - (-2 - -11)).
21
Calculate 3 - (-9 - (3 + -11 - -2)).
6
What is -32 + (9 - (2 + -4)) + 3?
-18
Calculate (9 - 0 - 12) + -11.
-14
Evaluate -16 + (17 - 10) + (-3 - (-4 - 42)).
34
Evaluate (-28 - -14) + 19 - 14.
-9
What is the value of -26 - (7 + 7 + -17 - (-2 - 1))?
-26
Calculate (21 - (-29 + 68)) + 13.
-5
Evaluate -5 + 9 + -15 + 16.
5
(-8 - 2) + (-2 - (-12 - -9)) + -2
-11
Calculate (-388 - -434) + (3 - 47).
2
8 - (-24 + 16 + -12)
28
Calculate -12 + (-1 + -3 - -4 - (-11 + 6)).
-7
-12 + 7 + 11 - -1 - (11 - 13)
9
Evaluate (-34 - -16) + 16 + 1.
-1
What is the value of (24 - -4) + (-3 - ((-9 - -8) + 5))?
21
-55 + 8 + 95 + -23
25
What is -3 - 2 - (-29 - -37)?
-13
Evaluate 16 - 1 - (326 - 324).
13
Evaluate 15 - (10 - (0 - 9)).
-4
7 + (14 - (2 + 4))
15
What is the value of (-24 - -8 - -11) + 7 + 0?
2
What is -1 + (-1 + 3 + 0 - (0 + -2))?
3
What is -8 - 1 - (-3 - -3) - (-727 - -737)?
-19
Evaluate (0 - -2) + -1 + 8 + (355 - 375).
-11
Calculate 0 + (1 + 3 - (-17 - -21)) + 10.
10
(-6 - 29) + (-2 - (3 - 4))
-36
What is the value of -31 + 47 - 4 - 43?
-31
What is (50 - 30) + -8 + 0?
12
Calculate (9 - 14) + (5 - (-19 + (1 - -4))).
14
Calculate (-4 - 2) + -3 - (-32 + -3 + 10).
16
Evaluate 3 + (-1 - 12) + 21.
11
(12 - 22) + -11 - (-5 - -1)
-17
Evaluate -1 + (14 - 2) + 5 + 31 + -35.
12
What is the value of -41 - -45 - (-5 - -39)?
-30
Calculate (-5 + 1 - ((-9 - 11) + 27)) + 18.
7
Evaluate ((-13 - -7) + 8 - 5) + 14.
11
Evaluate 2 - (1 + (-4 - 5) + (40 - 48)).
18
Calculate -7 + 2 + -16 + 0 - 13.
-34
What is the value of 0 + 22 + -28 + 31?
25
What is 32 - 4 - (84 - 63)?
7
What is -2 - 0 - 1 - (94 + -91)?
-6
Calculate -4 + (-7 + 0 - -19) + -6.
2
(-1 - 4 - (-11 + 5 + 18)) + 4
-13
-14 + (12 - -20) + -41 - 17
-40
Evaluate -7 + -5 + 7 + -1 - 0.
-6
Calculate (1 - (-20 + 27)) + 22.
16
Evaluate (12 - (19 - 8) - 3) + -1 + 4.
1
Evaluate 14 + -2 + -3 + -3 - (7 - 4).
3
What is -21 - (5 - 20) - (0 + -3)?
-3
What is the value of (-1 - ((-5 - 11) + -3)) + -26 + 21?
13
Evaluate -1 - (29 - 3) - (34 - (23 + 10)).
-28
What is the value of (-4 - -1) + (12 - 6) + 4?
7
What is 9 + (-6 - 30) + (8 - -3)?
-16
5 - (-6 + 7 + 4 + -12)
12
Calculate 8 + 3 + -7 + -5 - (-11 - -12).
-2
Calculate 6 - -3 - (25 + -14) - 2 - -9.
5
Calculate 8 - (1 - 0) - (9 + (8 - 21)).
11
What is -1 - 36 - (209 + -253)?
7
What is 0 + 26 - (74 - (142 - 85))?
9
What is 6 + (-21 + -4 - (-1 + -5))?
-13
(19 - 0) + (-8 - -2) - (2 - 0)
11
Calculate -33 - (-40 - (41 - 72)).
-24
Evaluate -1 + (-3 - -7) + (0 - -7 - 2).
8
Calculate -4 + (-20 - -24) + (-14 - 0) + 5.
-9
(26 - 24) + (-9 - (0 + (-3 - -2)))
-6
-20 + 28 + -3 - 1
4
What is 2 - (0 - -5) - (-18 - -6 - -6)?
3
-5 + 36 +